+ 67*n - 4. Give f(7).
-2573
Let p(r) = -2765*r**2 - 16537*r + 8. What is p(-6)?
-310
Let j(p) = 12*p**2 + 942*p + 3615. Determine j(-4).
39
Let s(c) = 424*c**2 - 71655*c - 187. What is s(169)?
-18
Let m(c) = 7*c + 1515. Give m(-158).
409
Let r(i) = i**3 + 26*i**2 - 51*i - 1884. Give r(-24).
492
Let f(o) = 5*o**2 - 1712*o - 5157. Calculate f(-3).
24
Let w(u) = -63*u**2 - 19235*u - 297092. Give w(-289).
0
Let v(h) = h**3 - 3*h**2 - 6234*h + 55625. What is v(9)?
5
Let s(a) = -2646*a + 84456. What is s(32)?
-216
Let p(o) = -189*o - 13915. Determine p(-71).
-496
Let t(a) = a**3 - 189*a**2 - 4642*a + 101. Determine t(-22).
101
Let b(c) = -146*c - 13523. What is b(-94)?
201
Let a(h) = -30*h**2 - 231*h - 309. Give a(-6).
-3
Let v(d) = 113*d**2 - 1969*d + 4113. Determine v(15).
3
Let i(q) = -q**2 - 76*q + 191. Determine i(4).
-129
Let t(y) = -87*y**3 - 698*y**2 - 22*y - 53. Determine t(-8).
-5
Let h(n) = 17106*n + 393422. Give h(-23).
-16
Let v(g) = 59516*g + 59500. Give v(-1).
-16
Let t(f) = -f**3 + 24*f**2 - 90*f + 76. Give t(18).
400
Let f(d) = 41*d - 2516. What is f(-3)?
-2639
Let z(i) = -2*i**3 - 12*i**2 - 96*i + 1036. What is z(5)?
6
Let p(i) = 34*i**3 + 167*i**2 + 5*i + 87. Calculate p(-5).
-13
Let q(n) = 240*n + 5120. Give q(-24).
-640
Let t(a) = -671*a + 16807. Give t(25).
32
Let v(u) = 2*u**3 - 15*u**2 - 79*u - 704. Determine v(-10).
-3414
Let j(q) = 119*q**2 + 34034*q + 126. What is j(-286)?
126
Let c(w) = -1442*w**2 - 2883*w - 3. Give c(-2).
-5
Let m(o) = -100265*o + 100175. What is m(1)?
-90
Let l(n) = 621774*n - 6217733. What is l(10)?
7
Let x(p) = p**2 + 16098*p + 128744. Determine x(-8).
24
Let g(y) = -y**2 - 163*y + 16468. What is g(80)?
-2972
Let u(k) = -k**2 + 5*k + 525. What is u(58)?
-2549
Let v(c) = -14*c**2 + 312*c - 1238. Calculate v(5).
-28
Let a(f) = f**2 - 25802*f + 1570201. What is a(61)?
0
Let k(n) = 8597*n + 2286836. What is k(-266)?
34
Let d(o) = 4853*o - 14497. Determine d(3).
62
Let l(d) = -2*d**3 - 197*d**2 - 1542*d + 138. Calculate l(-90).
1218
Let p(c) = 5402*c + 502470. What is p(-93)?
84
Let m(z) = 8*z**3 - 66*z**2 + 133307*z - 1066325. What is m(8)?
3
Let k(t) = t**3 - 118*t**2 - 81*t - 454. What is k(0)?
-454
Let n(w) = -w**3 + 132*w**2 - 357*w - 2. What is n(3)?
88
Let z(c) = -4*c**3 - 105*c**2 + 324*c + 152. What is z(-29)?
7
Let w(h) = 2*h**3 - 333*h**2 - 1888*h - 853. Determine w(172).
-165
Let h(o) = -o**3 + 181*o**2 + 182*o - 9. Calculate h(182).
-9
Let a(k) = 4102*k - 25006. Give a(6).
-394
Let f(u) = 37*u - 6204. Give f(114).
-1986
Let a(d) = d**2 + 185*d + 10460. Calculate a(-98).
1934
Let d(f) = -2*f**3 - 37*f**2 - 166*f + 14. Calculate d(-8).
-2
Let c(u) = 22*u**2 - 22549*u + 201170. Determine c(9).
11
Let g(x) = -68*x**2 - 10199*x + 186. What is g(-150)?
36
Let k(f) = f**2 + 645254*f - 31619851. Determine k(49).
-4
Let q(k) = -k**3 - 53*k**2 + 21058*k - 288. Calculate q(121).
196
Let y(d) = d**2 + 33*d - 3187. What is y(-67)?
-909
Let x(z) = 6*z**3 - 60*z**2 - 137*z - 105. Give x(12).
-21
Let z(r) = 36*r**3 - 213*r + 803. Give z(4).
2255
Let t(c) = -c**3 + 12*c**2 + 507*c - 3731. Give t(26).
-13
Let h(g) = 133*g - 8910. What is h(62)?
-664
Let m(g) = 13*g**2 - 356*g + 1721. Calculate m(5).
266
Let c(q) = 2*q**2 - 100*q - 1573. Give c(-14).
219
Let q(i) = 486*i**2 + 116644*i + 952. Calculate q(-240).
-8
Let h(i) = 962*i**2 - 2803*i + 80. What is h(3)?
329
Let y(z) = -6*z**2 - 82. Give y(11).
-808
Let y(p) = -773*p + 28711. What is y(43)?
-4528
Let l(f) = -15*f**2 + 940*f - 7567. Give l(8).
-1007
Let r(o) = -8*o**2 + 6*o - 8. Calculate r(-2).
-52
Let v(l) = -32219*l + 96656. Give v(3).
-1
Let i(j) = -11398*j + 284194. Calculate i(25).
-756
Let j(r) = 7*r**2 - 49*r - 72. What is j(16)?
936
Let o(i) = -20*i**3 + 3*i**2 + 29*i + 129. What is o(-4)?
1341
Let q(d) = -291*d - 2313. Determine q(-8).
15
Let i(o) = o**3 + 96*o**2 - 113*o - 162. Give i(-97).
1390
Let n(q) = 107*q - 3412. Give n(32).
12
Let l(q) = 1916*q + 262449. Determine l(-137).
-43
Let f(l) = -6*l**2 - 219*l - 1517. What is f(-31)?
-494
Let m(u) = 2*u**3 + 6*u**2 + 233*u + 972. Give m(-4).
8
Let j(d) = -2*d**3 - 5*d**2 - 30*d - 70. What is j(-6)?
362
Let l(t) = 2*t**2 + 8297*t + 304258. Determine l(-37).
7
Let a(x) = -1318*x + 624731. Give a(474).
-1
Let g(v) = v**2 - 67*v + 473. Determine g(24).
-559
Let h(z) = z**3 + 38*z**2 - 1098*z - 852. Calculate h(-57).
3
Let y(d) = 22534*d - 225273. What is y(10)?
67
Let y(t) = 7*t**3 + 39*t**2 + 184*t + 775. Give y(-5).
-45
Let y(g) = -2201*g + 154082. Calculate y(70).
12
Let r(o) = -o**3 - 215*o**2 - 2795*o + 3793. What is r(-201)?
-26
Let x(p) = 6927*p + 180099. Calculate x(-26).
-3
Let p(j) = -5432*j + 67003. Determine p(13).
-3613
Let r(o) = -o**2 + 242*o - 12418. Calculate r(172).
-378
Let w(h) = -56*h**3 - 723*h**2 + 115*h + 651. Calculate w(-13).
1
Let m(p) = -228862*p + 17164626. Calculate m(75).
-24
Let o(z) = -3*z**3 + 5*z**2 + 1596*z - 11562. Determine o(19).
-10
Let k(z) = 184*z**3 + 64*z**2 - 142*z + 27. Determine k(2).
1471
Let g(m) = -m**2 + 179*m - 5711. Determine g(39).
-251
Let y(g) = -288*g**3 - 1154*g**2 + 9*g + 58. Calculate y(-4).
-10
Let t(i) = -2*i**3 - 6*i**2 + 99*i + 573. What is t(-6)?
195
Let u(o) = -o**3 + 126*o**2 + 3116*o - 4248. Calculate u(147).
15
Let w(x) = x**2 - 4562*x - 740892. Determine w(-157).
-9
Let s(h) = -1498*h + 127472. Determine s(88).
-4352
Let g(o) = -o**2 - 73240*o + 439472. What is g(6)?
-4
Let m(o) = 752*o + 58792. Determine m(-79).
-616
Let v(q) = 6*q**3 + 12*q**2 + 6*q - 60. Determine v(2).
48
Let y(v) = 17*v**2 + 116*v - 22. Determine y(-9).
311
Let r(d) = 13668*d + 423412. Determine r(-31).
-296
Let l(q) = -q**3 + 55*q**2 + 194*q - 633. What is l(58)?
527
Let i(m) = m**3 + 122*m**2 - 194305*m + 376. Give i(384).
-8
Let w(k) = 7284*k + 444321. Determine w(-61).
-3
Let w(a) = -93*a**3 - 3049*a**2 + 657*a - 109. Give w(-33).
-10
Let k(b) = -5*b**2 - 57*b + 391. Determine k(7).
-253
Let f(z) = -783*z + 5180. Determine f(7).
-301
Let v(l) = 36*l**2 - 1383*l + 783. Calculate v(38).
213
Let z(l) = 1199*l - 161869. Determine z(135).
-4
Let m(o) = -265*o + 8483. What is m(32)?
3
Let o(h) = -3851*h + 73201. Determine o(19).
32
Let d(w) = w**2 + 4923*w + 205003. Give d(-42).
1
Let k(r) = 240887*r - 2408856. Give k(10).
14
Let x(y) = 2*y**3 + 7*y**2 + 195*y + 601. Calculate x(-3).
25
Let w(y) = 712*y - 89497. What is w(128)?
1639
Let z(k) = k**3 - 6*k**2 + 16*k + 3. What is z(7)?
164
Let x(m) = m**2 + 13*m - 7939. Calculate x(83).
29
Let r(n) = -2*n**2 + 35*n + 42. Determine r(-17).
-1131
Let k(f) = 8*f**3 - 88*f**2 - 11*f - 47. What is k(11)?
-168
Let m(b) = 2*b**2 - 1936*b + 22906. Calculate m(12).
-38
Let c(t) = 15*t**2 - 916*t - 449. What is c(63)?
1378
Let g(s) = 186012*s - 2046133. Determine g(11).
-1
Let i(u) = 76872*u - 3074930. Calculate i(40).
-50
Let a(n) = -86*n**2 + 925*n - 61. Determine a(11).
-292
Let q(c) = 8*c**2 + 694*c + 9438. Determine q(-14).
1290
Let t(a) = a**2 - 542*a - 4441. What is t(-8)?
-41
Let h(u) = -26*u**3 - 487*u**2 + 513*u - 27. Calculate h(1).
-27
Let x(f) = -10703*f + 117757. Determine x(11).
24
Let a(q) = 30*q - 2779. Calculate a(93).
11
Let q(u) = -51*u**2 + 12*u + 173. Determine q(2).
-7
Let a(u) = 809*u + 3029. Give a(-4).
-207
Let l(f) = -4*f**3 - 25*f**2 - 9041*f - 54199. Determine l(-6).
11
Let a(g) = 380*g**2 - 26206*g - 966. Determine a(69).
0
Let k(w) = 104*w**2 + 17988*w - 160. What is k(-173)?
532
Let h(p) = 266*p - 90968. Determine h(339).
-794
Let k(f) = 5*f**3 + 29*f**2 + 6*f - 23. What is k(-1)?
-5
Let w(q) = 9*q**2 - 194*q - 1986. Determine w(-11).
1237
Let i(z) = 6*z**3 - 28*z**2 - 684*z + 711. Calculate i(1).
5
Let w(d) = -d**3 - 7*d**2 - 142934*d - 1286572. Give w(-9).
-4
Let a(l) = -2*l**3 + 19*l**2 + 295*l - 2765. Determine a(10).
85
Let q(p) = 2244041*p - 13464253. Calculate q(6).
-7
Let w(n) = -7*n**3 - 112*n**2 - 10*n - 547. What is w(-16)?
-387
Let j(t) = t**3 - 14*t**2 + 656*t - 8528. Determine j(13).
-169
Let z(b) = 11484*b - 114824. Calculate z(10).
16
Let d(i) = 455*i - 34290. Calculate d(75).
-165
Let h(x) = -6*x**3 + 69*x**2 - 54*x + 213. Give h(11).
-18
Let s(k) = k**3 + 26*k**2 - 117*k - 165. Give s(-30).
-255
Let k(b) = 203*b + 918. Calculate k(-7).
-503
Let x(l) = -6*l**3 - 29*l**